{"id":1662,"date":"2019-09-11T20:01:39","date_gmt":"2019-09-11T18:01:39","guid":{"rendered":"https:\/\/choeur2limours.com\/?page_id=1662"},"modified":"2019-09-11T20:08:51","modified_gmt":"2019-09-11T18:08:51","slug":"flyer-choeur-de-limours-2018-3","status":"publish","type":"page","link":"https:\/\/choeur2limours.com\/index.php\/flyer-choeur-de-limours-2018-3\/","title":{"rendered":"Flyer Ch\u0153ur de Limours 2018"},"content":{"rendered":"<div id=\"thinkupshortcodescarousel_team\"><div class=\"sc-carousel carousel-team style1\" data-show=\"2,3,4\" data-scroll=\"1,2,3,4\" data-speed=\"500000\" data-effect=\"none\"><ul><\/ul><div class=\"caroufredsel_nav\"><a class=\"prev\" id=\"thinkupshortcodescarousel_team_prev\" href=\"#\"><i class=\"fa fa-angle-left\"><\/i><\/a><a class=\"next\" id=\"thinkupshortcodescarousel_team_next\" href=\"#\"><i class=\"fa fa-angle-right\"><\/i><\/a><\/div><div class=\"clearboth\"><\/div><\/div><\/div><style>#thinkupshortcodescarousel_team .carousel-team li { text-align: center; }#thinkupshortcodescarousel_team .team-social ul { margin: 0 auto; }<\/style>\n<div id=\"attachment_4310\" style=\"width: 160px\" class=\"wp-caption alignnone\"><img loading=\"lazy\" decoding=\"async\" aria-describedby=\"caption-attachment-4310\" class=\"size-thumbnail wp-image-4310\" src=\"https:\/\/choeur2limours.com\/wp-content\/uploads\/2019\/09\/George_Frideric_Handel_by_Balthasar_Denner-150x150.jpg\" alt=\"\" width=\"150\" height=\"150\" srcset=\"https:\/\/choeur2limours.com\/wp-content\/uploads\/2019\/09\/George_Frideric_Handel_by_Balthasar_Denner-150x150.jpg 150w, https:\/\/choeur2limours.com\/wp-content\/uploads\/2019\/09\/George_Frideric_Handel_by_Balthasar_Denner-80x80.jpg 80w, https:\/\/choeur2limours.com\/wp-content\/uploads\/2019\/09\/George_Frideric_Handel_by_Balthasar_Denner-570x570.jpg 570w, https:\/\/choeur2limours.com\/wp-content\/uploads\/2019\/09\/George_Frideric_Handel_by_Balthasar_Denner-380x380.jpg 380w, https:\/\/choeur2limours.com\/wp-content\/uploads\/2019\/09\/George_Frideric_Handel_by_Balthasar_Denner-285x285.jpg 285w\" sizes=\"auto, (max-width: 150px) 100vw, 150px\" \/><p id=\"caption-attachment-4310\" class=\"wp-caption-text\">Haendel par Balthasar Denner (1727)<\/p><\/div>\n<div id=\"attachment_4260\" style=\"width: 160px\" class=\"wp-caption alignnone\"><img loading=\"lazy\" decoding=\"async\" aria-describedby=\"caption-attachment-4260\" class=\"size-thumbnail wp-image-4260\" src=\"https:\/\/choeur2limours.com\/wp-content\/uploads\/2019\/07\/image130318190204-150x150.png\" alt=\"\" width=\"150\" height=\"150\" srcset=\"https:\/\/choeur2limours.com\/wp-content\/uploads\/2019\/07\/image130318190204-150x150.png 150w, https:\/\/choeur2limours.com\/wp-content\/uploads\/2019\/07\/image130318190204-80x80.png 80w, https:\/\/choeur2limours.com\/wp-content\/uploads\/2019\/07\/image130318190204-380x380.png 380w, https:\/\/choeur2limours.com\/wp-content\/uploads\/2019\/07\/image130318190204-285x285.png 285w\" sizes=\"auto, (max-width: 150px) 100vw, 150px\" \/><p id=\"caption-attachment-4260\" class=\"wp-caption-text\">Guilhem Terrail<\/p><\/div>\n<div id=\"attachment_4251\" style=\"width: 160px\" class=\"wp-caption alignnone\"><img loading=\"lazy\" decoding=\"async\" aria-describedby=\"caption-attachment-4251\" class=\"size-thumbnail wp-image-4251\" src=\"https:\/\/choeur2limours.com\/wp-content\/uploads\/2019\/07\/image120629080600-150x150.jpg\" alt=\"\" width=\"150\" height=\"150\" srcset=\"https:\/\/choeur2limours.com\/wp-content\/uploads\/2019\/07\/image120629080600-150x150.jpg 150w, https:\/\/choeur2limours.com\/wp-content\/uploads\/2019\/07\/image120629080600-80x80.jpg 80w, https:\/\/choeur2limours.com\/wp-content\/uploads\/2019\/07\/image120629080600-570x570.jpg 570w, https:\/\/choeur2limours.com\/wp-content\/uploads\/2019\/07\/image120629080600-380x380.jpg 380w, https:\/\/choeur2limours.com\/wp-content\/uploads\/2019\/07\/image120629080600-285x285.jpg 285w\" sizes=\"auto, (max-width: 150px) 100vw, 150px\" \/><p id=\"caption-attachment-4251\" class=\"wp-caption-text\">Agathe Tr\u00e9bucq le 3 juin \u00e0 La Sc\u00e8ne, Limours<\/p><\/div>\n<div class=\"sc-carousel carousel-team style1\" data-show=\"2,3,4\" data-scroll=\"1,2,3,4\" data-speed=\"500\" data-effect=\"none,*scroll,directscroll,fade,crossfade,cover,cover-fade,uncover,uncover-fade\"><ul><\/ul><div class=\"caroufredsel_nav\"><a class=\"prev\" id=\"thinkupshortcodescarousel_team1_prev\" href=\"#\"><i class=\"fa fa-angle-left\"><\/i><\/a><a class=\"next\" id=\"thinkupshortcodescarousel_team1_next\" href=\"#\"><i class=\"fa fa-angle-right\"><\/i><\/a><\/div><div class=\"clearboth\"><\/div><\/div>\n","protected":false},"excerpt":{"rendered":"","protected":false},"author":68,"featured_media":0,"parent":0,"menu_order":0,"comment_status":"closed","ping_status":"closed","template":"","meta":{"footnotes":""},"categories":[],"tags":[],"class_list":["post-1662","page","type-page","status-publish","hentry"],"_links":{"self":[{"href":"https:\/\/choeur2limours.com\/index.php\/wp-json\/wp\/v2\/pages\/1662","targetHints":{"allow":["GET"]}}],"collection":[{"href":"https:\/\/choeur2limours.com\/index.php\/wp-json\/wp\/v2\/pages"}],"about":[{"href":"https:\/\/choeur2limours.com\/index.php\/wp-json\/wp\/v2\/types\/page"}],"author":[{"embeddable":true,"href":"https:\/\/choeur2limours.com\/index.php\/wp-json\/wp\/v2\/users\/68"}],"replies":[{"embeddable":true,"href":"https:\/\/choeur2limours.com\/index.php\/wp-json\/wp\/v2\/comments?post=1662"}],"version-history":[{"count":4,"href":"https:\/\/choeur2limours.com\/index.php\/wp-json\/wp\/v2\/pages\/1662\/revisions"}],"predecessor-version":[{"id":4359,"href":"https:\/\/choeur2limours.com\/index.php\/wp-json\/wp\/v2\/pages\/1662\/revisions\/4359"}],"wp:attachment":[{"href":"https:\/\/choeur2limours.com\/index.php\/wp-json\/wp\/v2\/media?parent=1662"}],"wp:term":[{"taxonomy":"category","embeddable":true,"href":"https:\/\/choeur2limours.com\/index.php\/wp-json\/wp\/v2\/categories?post=1662"},{"taxonomy":"post_tag","embeddable":true,"href":"https:\/\/choeur2limours.com\/index.php\/wp-json\/wp\/v2\/tags?post=1662"}],"curies":[{"name":"wp","href":"https:\/\/api.w.org\/{rel}","templated":true}]}}

Flyer Chœur de Limours 2018

<div id="thinkupshortcodescarousel_team"><div class="sc-carousel carousel-team style1" data-show="2,3,4" data-scroll="1,2,3,4" data-speed="500000" data-effect="none"><ul></ul><div class="caroufredsel_nav"><a class="prev" id="thinkupshortcodescarousel_team_prev" href="#"><i class="fa fa-angle-left"></i></a><a class="next" id="thinkupshortcodescarousel_team_next" href="#"><i class="fa fa-angle-right"></i></a></div><div class="clearboth"></div></div></div><style>#thinkupshortcodescarousel_team .carousel-team li { text-align: center; }#thinkupshortcodescarousel_team .team-social ul { margin: 0 auto; }</style>
<div id="attachment_4310" style="width: 160px" class="wp-caption alignnone"><img loading="lazy" decoding="async" aria-describedby="caption-attachment-4310" class="size-thumbnail wp-image-4310" src="https://choeur2limours.com/wp-content/uploads/2019/09/George_Frideric_Handel_by_Balthasar_Denner-150x150.jpg" alt="" width="150" height="150" srcset="https://choeur2limours.com/wp-content/uploads/2019/09/George_Frideric_Handel_by_Balthasar_Denner-150x150.jpg 150w, https://choeur2limours.com/wp-content/uploads/2019/09/George_Frideric_Handel_by_Balthasar_Denner-80x80.jpg 80w, https://choeur2limours.com/wp-content/uploads/2019/09/George_Frideric_Handel_by_Balthasar_Denner-570x570.jpg 570w, https://choeur2limours.com/wp-content/uploads/2019/09/George_Frideric_Handel_by_Balthasar_Denner-380x380.jpg 380w, https://choeur2limours.com/wp-content/uploads/2019/09/George_Frideric_Handel_by_Balthasar_Denner-285x285.jpg 285w" sizes="auto, (max-width: 150px) 100vw, 150px" /><p id="caption-attachment-4310" class="wp-caption-text">Haendel par Balthasar Denner (1727)</p></div>
<div id="attachment_4260" style="width: 160px" class="wp-caption alignnone"><img loading="lazy" decoding="async" aria-describedby="caption-attachment-4260" class="size-thumbnail wp-image-4260" src="https://choeur2limours.com/wp-content/uploads/2019/07/image130318190204-150x150.png" alt="" width="150" height="150" srcset="https://choeur2limours.com/wp-content/uploads/2019/07/image130318190204-150x150.png 150w, https://choeur2limours.com/wp-content/uploads/2019/07/image130318190204-80x80.png 80w, https://choeur2limours.com/wp-content/uploads/2019/07/image130318190204-380x380.png 380w, https://choeur2limours.com/wp-content/uploads/2019/07/image130318190204-285x285.png 285w" sizes="auto, (max-width: 150px) 100vw, 150px" /><p id="caption-attachment-4260" class="wp-caption-text">Guilhem Terrail</p></div>
<div id="attachment_4251" style="width: 160px" class="wp-caption alignnone"><img loading="lazy" decoding="async" aria-describedby="caption-attachment-4251" class="size-thumbnail wp-image-4251" src="https://choeur2limours.com/wp-content/uploads/2019/07/image120629080600-150x150.jpg" alt="" width="150" height="150" srcset="https://choeur2limours.com/wp-content/uploads/2019/07/image120629080600-150x150.jpg 150w, https://choeur2limours.com/wp-content/uploads/2019/07/image120629080600-80x80.jpg 80w, https://choeur2limours.com/wp-content/uploads/2019/07/image120629080600-570x570.jpg 570w, https://choeur2limours.com/wp-content/uploads/2019/07/image120629080600-380x380.jpg 380w, https://choeur2limours.com/wp-content/uploads/2019/07/image120629080600-285x285.jpg 285w" sizes="auto, (max-width: 150px) 100vw, 150px" /><p id="caption-attachment-4251" class="wp-caption-text">Agathe Trébucq le 3 juin à La Scène, Limours</p></div>
<div class="sc-carousel carousel-team style1" data-show="2,3,4" data-scroll="1,2,3,4" data-speed="500" data-effect="none,*scroll,directscroll,fade,crossfade,cover,cover-fade,uncover,uncover-fade"><ul></ul><div class="caroufredsel_nav"><a class="prev" id="thinkupshortcodescarousel_team1_prev" href="#"><i class="fa fa-angle-left"></i></a><a class="next" id="thinkupshortcodescarousel_team1_next" href="#"><i class="fa fa-angle-right"></i></a></div><div class="clearboth"></div></div>
