{"id":1216,"date":"2018-08-10T12:18:39","date_gmt":"2018-08-10T10:18:39","guid":{"rendered":"https:\/\/choeur2limours.com\/?page_id=1216"},"modified":"2023-01-09T11:35:19","modified_gmt":"2023-01-09T10:35:19","slug":"le-choeur","status":"publish","type":"page","link":"https:\/\/choeur2limours.com\/index.php\/le-choeur\/","title":{"rendered":"Le Ch\u0153ur"},"content":{"rendered":"\n<h1 class=\"wp-block-heading\">Le Ch\u0153ur<\/h1>\n\n\n\n<p><span style=\"margin: 0px; color: #4c1900; font-family: '&amp;quot','serif'; font-size: 14pt;\">Depuis sa cr\u00e9ation en 1971 par Pierre B\u00e9nichou, le Ch\u0153ur de Limours a eu une activit\u00e9 chorale continue et s\u2019est produit dans de nombreux concerts. A c\u00f4t\u00e9 du r\u00e9pertoire traditionnel de chant choral, il est venu progressivement \u00e0 de grandes \u0153uvres choro-symphoniques.<\/span><\/p>\n\n\n\n<p><span style=\"margin: 0px; color: #4c1900; font-family: '&amp;quot','serif'; font-size: 14pt;\">Ariel Alonso le dirige depuis 1989 et l\u2019a men\u00e9 \u00e0 travailler et interpr\u00e9ter des \u0153uvres vari\u00e9es, \u2013 tant\u00f4t avec des orchestres amateurs de tr\u00e8s bon niveau, Opus 13, UT5\u00e8me, Orchestre du Campus d\u2019Orsay, <i>Isra\u00ebl en \u00c9gypte<\/i>, <i>Requiem<\/i> de Verdi, <i>9\u00e8me Symphonie<\/i> de Beethoven pour f\u00eater le 50\u00e8me anniversaire de la Facult\u00e9 d\u2019Orsay \u2013 tant\u00f4t des orchestres professionnels comme l\u2019Acad\u00e9mie Symphonique de Paris, <i>Gloria<\/i> de Vivaldi, <i>Grande Messe en UT mineur<\/i> de Mozart, <i>Stabat Mater<\/i> de Rossini et de Dvo\u0159\u00e1k, <i>Requiem Allemand<\/i> de Brahms, <i>Messie<\/i> de Haendel, l\u2019Oratorio <i>Elias<\/i> de Mendelssohn.<\/span><\/p>\n\n\n\n<p><span style=\"margin: 0px; color: #4c1900; font-family: '&amp;quot','serif'; font-size: 14pt;\">En 2011, le Ch\u0153ur a abord\u00e9 le r\u00e9pertoire baroque avec le <i>Requiem<\/i> de Campra et le <i>Magnificat<\/i> de Henry Du Mont accompagn\u00e9 par l\u2019Ensemble instrumental\u00a0\u00ab\u00a0Opalescences\u00a0\u00bb, les musiciens \u00e9tant dot\u00e9s d\u2019instruments anciens. Il a pers\u00e9v\u00e9r\u00e9 dans cette voie lors de ses \u00ab Concerts baroques \u00bb en juin 2012<\/span>, puis les ann\u00e9es suivantes a abord\u00e9 le r\u00e9pertoire fran\u00e7ais avec Poulenc et Berlioz.<\/p>\n\n\n\n<figure class=\"wp-block-image size-large\"><img loading=\"lazy\" decoding=\"async\" width=\"1024\" height=\"720\" src=\"https:\/\/choeur2limours.com\/wp-content\/uploads\/2021\/12\/MisaTango-groupe-reduite-1024x720.jpg\" alt=\"\" class=\"wp-image-7924\" srcset=\"https:\/\/choeur2limours.com\/wp-content\/uploads\/2021\/12\/MisaTango-groupe-reduite-1024x720.jpg 1024w, https:\/\/choeur2limours.com\/wp-content\/uploads\/2021\/12\/MisaTango-groupe-reduite-300x211.jpg 300w, https:\/\/choeur2limours.com\/wp-content\/uploads\/2021\/12\/MisaTango-groupe-reduite-768x540.jpg 768w, https:\/\/choeur2limours.com\/wp-content\/uploads\/2021\/12\/MisaTango-groupe-reduite.jpg 1464w\" sizes=\"auto, (max-width: 1024px) 100vw, 1024px\" \/><figcaption class=\"wp-element-caption\">La Misa Tango avec Martin Palmeri en Novembre 2021. Photo Jacques Manscourt<\/figcaption><\/figure>\n\n\n\n<p><\/p>\n\n\n\n<p>Le Ch\u0153ur a \u00e9t\u00e9 invit\u00e9 plusieurs fois par des formations partenaires, et a ainsi eu l&rsquo;occasion de se produire aux Etats Unis, au Mans ou de participer au projet Carmina Burana conduit par Sabine Aubert.<\/p>\n\n\n\n<p>En 2021, le Ch\u0153ur a eu le plaisir de recevoir Martin Palmeri compositeur de la Misa Tango et d&rsquo;interpr\u00e9ter l&rsquo;\u0153uvre avec lui m\u00eame au piano.<\/p>\n\n\n\n<h1 class=\"wp-block-heading\">Le chef de ch\u0153ur<\/h1>\n\n\n\n<p><span style=\"margin: 0px; color: #4c1900; font-family: '&amp;quot','serif'; font-size: 14pt;\">En Argentine, son pays d\u2019origine, Ariel Alonso obtient les dipl\u00f4mes de piano (M\u00e9daille d\u2019or) et de direction au Conservatoire Sup\u00e9rieur Manuel de Falla de Buenos Aires. En France depuis septembre 1987, en vertu de l\u2019obtention d\u2019une bourse du Minist\u00e8re des Affaires Etrang\u00e8res fran\u00e7ais, il obtient le dipl\u00f4me sup\u00e9rieur de direction d\u2019orchestre \u00e0 l\u2019\u00c9cole Normale de Musique de Paris Alfred Cortot. En 1998, il devient titulaire du Certificat d\u2019Aptitude aux fonctions de professeur de chant choral, direction d\u2019ensembles vocaux. Il compl\u00e8te ensuite sa formation lors de master-classes de direction de ch\u0153ur dans l\u2019Acad\u00e9mie Internationale Bach, Stuttgart-Buenos-Aires, la Cit\u00e9 de la Musique de Paris, le Conservatoire National Sup\u00e9rieur de Musique de Lyon et le Conservatoire \u00e0 Rayonnement R\u00e9gional de Paris. En 2010 il obtient le Master en Gestion et Administration de la Musique \u00e0 l\u2019Universit\u00e9 de Paris-Sorbonne.<\/span><\/p>\n\n\n\n<figure class=\"wp-block-image\"><img loading=\"lazy\" decoding=\"async\" width=\"1024\" height=\"683\" src=\"https:\/\/choeur2limours.com\/wp-content\/uploads\/2019\/02\/Photo-Ariel-retouche-1024x683.jpg\" alt=\"\" class=\"wp-image-2768\" srcset=\"https:\/\/choeur2limours.com\/wp-content\/uploads\/2019\/02\/Photo-Ariel-retouche-1024x683.jpg 1024w, https:\/\/choeur2limours.com\/wp-content\/uploads\/2019\/02\/Photo-Ariel-retouche-300x200.jpg 300w, https:\/\/choeur2limours.com\/wp-content\/uploads\/2019\/02\/Photo-Ariel-retouche-768x512.jpg 768w, https:\/\/choeur2limours.com\/wp-content\/uploads\/2019\/02\/Photo-Ariel-retouche-570x380.jpg 570w, https:\/\/choeur2limours.com\/wp-content\/uploads\/2019\/02\/Photo-Ariel-retouche-380x254.jpg 380w, https:\/\/choeur2limours.com\/wp-content\/uploads\/2019\/02\/Photo-Ariel-retouche-285x190.jpg 285w\" sizes=\"auto, (max-width: 1024px) 100vw, 1024px\" \/><figcaption class=\"wp-element-caption\">Ariel Alonso<\/figcaption><\/figure>\n\n\n\n<p><span style=\"margin: 0px; color: #4c1900; font-family: '&amp;quot','serif'; font-size: 14pt;\">Ariel Alonso a dirig\u00e9 les ch\u0153urs et les ensembles instrumentaux des conservatoires de Ch\u00e2tillon (Hauts-de-Seine), Avallon (Yonne), Jean-Philippe Rameau (Paris VI\u00e8me) et Maurice Ravel (Paris XIII\u00e8me). Entre 1991 et 2005 il a assur\u00e9 la direction musicale des Petits Chanteurs de Saint-Louis de Paris en interpr\u00e9tant un large r\u00e9pertoire allant du <i>Dixit Dominus<\/i> de Haendel ou le <i>Beatus Vir<\/i> de Vivaldi \u00e0 la <i>Messe<\/i> de Stravinsky. Depuis 1989, il est le directeur musical du ch\u0153ur d\u2019oratorio de Limours (Essonne) dont le r\u00e9pertoire est compos\u00e9 des grandes \u0153uvres pour ch\u0153ur est orchestre&nbsp;: <i>Isra\u00ebl in Egypt<\/i> de Haendel, <i>Messe en La b\u00e9mol majeur<\/i> de Schubert, <i>Stabat Mater<\/i> de Rossini, <i>Grande Messe en Ut<\/i> de Mozart, <i>Elias<\/i> de Mendelssohn, <i>Stabat Mater<\/i> de Dvo\u0159\u00e1k, entre autres. En 1992 il fonde le ch\u0153ur de chambre M\u00e9langes dont le r\u00e9pertoire est compos\u00e9 majoritairement d\u2019\u0153uvres pour ch\u0153ur a cappella de la premi\u00e8re moiti\u00e9 du XX\u00e8me si\u00e8cle.<\/span><\/p>\n\n\n\n<p><span style=\"margin: 0px; color: #4c1900; font-family: '&amp;quot','serif'; font-size: 14pt;\">Depuis janvier 2000, il est professeur titulaire de la classe de direction de ch\u0153ur et dirige les ch\u0153urs d\u2019enfants et d\u2019adultes du conservatoire \u00e0 rayonnement d\u00e9partemental de Cr\u00e9teil. Il dirige \u00e9galement le ch\u0153ur d\u2019enfants du conservatoire de Neuilly-sur-Seine, ainsi que la classe de direction de ch\u0153ur et l\u2019ensemble vocal du conservatoire Gustave Charpentier (Paris XVIIIe). Il est souvent sollicit\u00e9 pour animer des stages et master-classes de direction de ch\u0153ur et de chant choral par la Mission Voix d\u2019\u00cele-de-France, la Mission Chant Choral du conservatoire \u00e0 rayonnement r\u00e9gional d\u2019Aubervilliers, l\u2019Institut Europ\u00e9en de Chant Choral, l\u2019Institut Fran\u00e7ais d\u2019Art Choral, l\u2019Association Argentine des Chefs de Ch\u0153ur, l&rsquo; Universit\u00e9 Nationale d&rsquo;Art de Buenos Aires. Il est r\u00e9guli\u00e8rement demand\u00e9 pour int\u00e9grer des jurys de concours dans la sp\u00e9cialit\u00e9 de direction de ch\u0153urs. Il est chef invit\u00e9 de ch\u0153urs professionnels tels que le Ch\u0153ur Polyphonique National et le Ch\u0153ur National de Jeunes d\u2019Argentine. Depuis septembre 2012 il dirige les ch\u0153urs de Sorbonne Universit\u00e9s de Paris.<\/span><\/p>\n","protected":false},"excerpt":{"rendered":"<p>Le Ch\u0153ur Depuis sa cr\u00e9ation en 1971 par Pierre B\u00e9nichou, le Ch\u0153ur de Limours a eu une activit\u00e9 chorale continue et s\u2019est produit dans de nombreux concerts. A c\u00f4t\u00e9 du r\u00e9pertoire traditionnel de chant choral, il est venu progressivement \u00e0 de grandes \u0153uvres choro-symphoniques. Ariel Alonso le dirige depuis 1989 et l\u2019a men\u00e9 \u00e0 travailler&hellip;<\/p>\n<p class=\"more-link\"><a href=\"https:\/\/choeur2limours.com\/index.php\/le-choeur\/\" class=\"themebutton2\">Read More<\/a><\/p>\n","protected":false},"author":1,"featured_media":0,"parent":0,"menu_order":0,"comment_status":"closed","ping_status":"closed","template":"","meta":{"footnotes":""},"categories":[],"tags":[],"class_list":["post-1216","page","type-page","status-publish","hentry"],"_links":{"self":[{"href":"https:\/\/choeur2limours.com\/index.php\/wp-json\/wp\/v2\/pages\/1216","targetHints":{"allow":["GET"]}}],"collection":[{"href":"https:\/\/choeur2limours.com\/index.php\/wp-json\/wp\/v2\/pages"}],"about":[{"href":"https:\/\/choeur2limours.com\/index.php\/wp-json\/wp\/v2\/types\/page"}],"author":[{"embeddable":true,"href":"https:\/\/choeur2limours.com\/index.php\/wp-json\/wp\/v2\/users\/1"}],"replies":[{"embeddable":true,"href":"https:\/\/choeur2limours.com\/index.php\/wp-json\/wp\/v2\/comments?post=1216"}],"version-history":[{"count":19,"href":"https:\/\/choeur2limours.com\/index.php\/wp-json\/wp\/v2\/pages\/1216\/revisions"}],"predecessor-version":[{"id":9593,"href":"https:\/\/choeur2limours.com\/index.php\/wp-json\/wp\/v2\/pages\/1216\/revisions\/9593"}],"wp:attachment":[{"href":"https:\/\/choeur2limours.com\/index.php\/wp-json\/wp\/v2\/media?parent=1216"}],"wp:term":[{"taxonomy":"category","embeddable":true,"href":"https:\/\/choeur2limours.com\/index.php\/wp-json\/wp\/v2\/categories?post=1216"},{"taxonomy":"post_tag","embeddable":true,"href":"https:\/\/choeur2limours.com\/index.php\/wp-json\/wp\/v2\/tags?post=1216"}],"curies":[{"name":"wp","href":"https:\/\/api.w.org\/{rel}","templated":true}]}}